{"id":134,"date":"2019-02-15T22:59:04","date_gmt":"2019-02-15T21:59:04","guid":{"rendered":"http:\/\/educateam.be\/?page_id=134"},"modified":"2023-03-12T20:50:01","modified_gmt":"2023-03-12T19:50:01","slug":"nos-centres-de-soutien-scolaire","status":"publish","type":"page","link":"https:\/\/educateam.be\/index.php\/nos-centres-de-soutien-scolaire\/","title":{"rendered":"Nos centres de soutien scolaire"},"content":{"rendered":"\n<h2 class=\"wp-block-heading\">Des centres de soutien scolaire en Wallonie et \u00e0 Bruxelles<\/h2>\n\n\n\n<p>Depuis 2018, notre ASBL d\u00e9veloppe des partenariats avec divers \u00e9tablissements en Wallonie et \u00e0 Bruxelles. Ces \u00e9tablissements, nos <strong><em>centres de soutien scolaire EducaTeam<\/em><\/strong>, nous permettent d&rsquo;accompagner chaque ann\u00e9e plusieurs centaines d&rsquo;\u00e9tudiant\u00b7e\u00b7s tout au long de l&rsquo;ann\u00e9e (consultez <a href=\"https:\/\/educateam.be\/index.php\/soutien-scolaire\/\">cette page<\/a> pour en savoir plus quant au fonctionnement de notre asbl).<\/p>\n\n\n<div id=\"lmm_df054858\" style=\"width:100%;\" class=\"mapsmarker layermap layer-1\">\n<div id=\"lmm_panel_df054858\" class=\"lmm-panel\" style=\"background:#efefef;\">\n<div id=\"lmm_panel_api_df054858\" class=\"lmm-panel-api\"><\/div><div id=\"lmm_panel_text_df054858\" class=\"lmm-panel-text\" style=\"font-weight:bold;color:#373737;\">Nos centres en F\u00e9d\u00e9ration Wallonie-Bruxelles<\/div>\n<\/div>\n<div id=\"lmm_map_df054858\" class=\"lmm-map\" style=\"background:#f6f6f6;border:1px solid #ccc;height:400px; overflow:hidden;padding:0;\"><p style=\"font-size:80%;color:#9f9e9e;margin-left:5px;\">chargement de la carte - veuillez patienter...<noscript><br\/><strong>La carte ne peut \u00eatre charg\u00e9e - s'il vous pla\u00eet activer Javascript !<\/strong><br\/><a style=\"text-decoration:none;\" href=\"https:\/\/www.mapsmarker.com\/js-disabled\" target=\"_blank\">&rarr; plus dginformations<\/a><\/noscript><\/p><\/div>\n<div id=\"lmm_geo_tags_df054858_2\" class=\"lmm-geo-tags geo\">Mons: <span class=\"latitude\">50.456900<\/span>, <span class=\"longitude\">3.950300<\/span><\/div>\n<div id=\"lmm_geo_tags_df054858_3\" class=\"lmm-geo-tags geo\">Arlon: <span class=\"latitude\">49.671000<\/span>, <span class=\"longitude\">5.809170<\/span><\/div>\n<div id=\"lmm_geo_tags_df054858_4\" class=\"lmm-geo-tags geo\">Binche: <span class=\"latitude\">50.415200<\/span>, <span class=\"longitude\">4.175900<\/span><\/div>\n<div id=\"lmm_geo_tags_df054858_5\" class=\"lmm-geo-tags geo\">Namur: <span class=\"latitude\">50.463000<\/span>, <span class=\"longitude\">4.863800<\/span><\/div>\n<div id=\"lmm_geo_tags_df054858_6\" class=\"lmm-geo-tags geo\">Tournai: <span class=\"latitude\">50.607400<\/span>, <span class=\"longitude\">3.387990<\/span><\/div>\n<div id=\"lmm_geo_tags_df054858_7\" class=\"lmm-geo-tags geo\">Verviers: <span class=\"latitude\">50.594200<\/span>, <span class=\"longitude\">5.863470<\/span><\/div>\n<div id=\"lmm_geo_tags_df054858_8\" class=\"lmm-geo-tags geo\">Anderlecht: <span class=\"latitude\">50.831800<\/span>, <span class=\"longitude\">4.305730<\/span><\/div>\n<div id=\"lmm_geo_tags_df054858_9\" class=\"lmm-geo-tags geo\">Saint-Ghislain: <span class=\"latitude\">50.446000<\/span>, <span class=\"longitude\">3.818600<\/span><\/div>\n<div id=\"lmm_geo_tags_df054858_10\" class=\"lmm-geo-tags geo\">Dour: <span class=\"latitude\">50.398200<\/span>, <span class=\"longitude\">3.775870<\/span><\/div>\n<div id=\"lmm_geo_tags_df054858_11\" class=\"lmm-geo-tags geo\">Charleroi: <span class=\"latitude\">50.410200<\/span>, <span class=\"longitude\">4.449510<\/span><\/div>\n<\/div>\n\n\n\n<p>Cliquez sur le centre de votre choix afin d&rsquo;en obtenir l&rsquo;adresse.<\/p>\n\n\n\n<h2 class=\"wp-block-heading\">Faites de votre \u00e9tablissement un centre EducaTeam !<\/h2>\n\n\n<div class=\"wp-block-image\">\n<figure class=\"aligncenter size-medium\"><img loading=\"lazy\" decoding=\"async\" width=\"300\" height=\"136\" src=\"https:\/\/educateam.be\/wp-content\/uploads\/2023\/02\/logo_plan-300x136.png\" alt=\"Centres de soutien scolaire\" class=\"wp-image-1101\" srcset=\"https:\/\/educateam.be\/wp-content\/uploads\/2023\/02\/logo_plan-300x136.png 300w, https:\/\/educateam.be\/wp-content\/uploads\/2023\/02\/logo_plan-1024x463.png 1024w, https:\/\/educateam.be\/wp-content\/uploads\/2023\/02\/logo_plan-768x347.png 768w, https:\/\/educateam.be\/wp-content\/uploads\/2023\/02\/logo_plan.png 1143w\" sizes=\"auto, (max-width: 300px) 100vw, 300px\" \/><\/figure>\n<\/div>\n\n\n<h3 class=\"wp-block-heading\">Quels sont les avantages pour votre \u00e9cole ?  <\/h3>\n\n\n\n<ul class=\"wp-block-list\">\n<li>Une visibilit\u00e9 en tant qu&rsquo;acteur actif dans le domaine de la rem\u00e9diation ;<\/li>\n\n\n\n<li>Un soutien externe, mais sur place, pour vos \u00e9l\u00e8ves en difficult\u00e9 (attention, nous veillons syst\u00e9matiquement \u00e0 ce que nos \u00e9tudiant\u00b7e\u00b7s ne soient pas suivis dans ce cadre par leur propres enseignant\u00b7e\u00b7s) et cela \u00e0 un <a href=\"https:\/\/educateam.be\/index.php\/calendrier-et-tarifs-soutien-scolaire\/\">tarif<\/a> abordable ;<\/li>\n\n\n\n<li>La possibilit\u00e9 de de b\u00e9n\u00e9ficier de gratuit\u00e9s (sous conditions de groupes ouverts) pour vos \u00e9l\u00e8ves en situation financi\u00e8re pr\u00e9caire ;<\/li>\n\n\n\n<li>La pr\u00e9sence de notre \u00e9quipe durant vos \u00e9v\u00e9nements (journ\u00e9e portes ouvertes, r\u00e9union de parents, &#8230;)<\/li>\n<\/ul>\n\n\n\n<h3 class=\"wp-block-heading\">Quels sont vos engagements en tant que centre de soutien scolaire EducaTeam ?<\/h3>\n\n\n\n<p>En \u00e9tablissant un partenariat avec notre asbl, votre \u00e9tablissement s&rsquo;engage tout simplement \u00e0 mettre \u00e0 disposition de l&rsquo;asbl des locaux, le mercredi apr\u00e8s-midi et\/ou le samedi matin (en dehors des cong\u00e9s scolaires). Ce partenariat s&rsquo;\u00e9tablit sur base d&rsquo;une convention r\u00e9alis\u00e9e au pr\u00e9alable afin de d\u00e9finir de mani\u00e8re concr\u00e8te les termes et de lever toute ambigu\u00eft\u00e9.<\/p>\n\n\n\n<p>Nous proposons \u00e9galement divers supports (affiches, flyers, cartes, &#8230;) qu&rsquo;il vous est loisible d&rsquo;apposer  ou de distribuer aupr\u00e8s de vos \u00e9tudiant\u00b7e\u00b7s et de votre \u00e9quipe.<\/p>\n\n\n\n<p>Bref ! Vous l&rsquo;aurez certainement compris, devenir <em><strong>centre de soutien scolaire EducaTeam<\/strong><\/em> est une opportunit\u00e9 \u00e0 ne pas manquer !<\/p>\n\n\n\n<p>Besoin d&rsquo;une <strong>information compl\u00e9mentaire<\/strong> concernant notre offre ? Alors n&rsquo;h\u00e9sitez plus, <a href=\"http:\/\/educateam.be\/index.php\/contact\/\">contactez-nous !<\/a> Vous pouvez \u00e9galement nous suivre sur les r\u00e9seaux sociaux : <a href=\"https:\/\/www.facebook.com\/AsblEducaTeam\">Facebook<\/a> &#8211; <a href=\"https:\/\/www.instagram.com\/educateam2021\/\">Instagram<\/a> &#8211; <a href=\"https:\/\/www.linkedin.com\/company\/educateam\/\">LinkedIn<\/a>.<\/p>\n\n\n\n<blockquote class=\"wp-block-quote is-layout-flow wp-block-quote-is-layout-flow\">\n<p>EducaTeam &#8211; Le soutien scolaire, notre savoir-faire.<\/p>\n<\/blockquote>\n","protected":false},"excerpt":{"rendered":"<p class=\"qua-blog-post-description\">Des centres de soutien scolaire en Wallonie et \u00e0 Bruxelles Depuis 2018, notre ASBL d\u00e9veloppe des partenariats avec divers \u00e9tablissements en Wallonie et \u00e0 Bruxelles. Ces \u00e9tablissements, nos centres de soutien scolaire EducaTeam, nous permettent d&rsquo;accompagner chaque ann\u00e9e plusieurs centaines d&rsquo;\u00e9tudiant\u00b7e\u00b7s tout au long de l&rsquo;ann\u00e9e (consultez cette page pour en savoir plus quant au [&hellip;]<\/p>\n","protected":false},"author":1,"featured_media":0,"parent":0,"menu_order":0,"comment_status":"closed","ping_status":"closed","template":"","meta":{"footnotes":""},"class_list":["post-134","page","type-page","status-publish","hentry"],"yoast_head":"<!-- This site is optimized with the Yoast SEO plugin v27.3 - https:\/\/yoast.com\/product\/yoast-seo-wordpress\/ -->\n<title>Nos centres de soutien scolaire - Nos centres de soutien scolaire -<\/title>\n<meta name=\"description\" content=\"EducaTeam - centres de soutien scolaire - primaire - secondaire - enseignants qualifi\u00e9s - soutien personnalis\u00e9 - soutien scolaire\" \/>\n<meta name=\"robots\" content=\"index, follow, max-snippet:-1, max-image-preview:large, max-video-preview:-1\" \/>\n<link rel=\"canonical\" href=\"https:\/\/educateam.be\/index.php\/nos-centres-de-soutien-scolaire\/\" \/>\n<meta property=\"og:locale\" content=\"fr_FR\" \/>\n<meta property=\"og:type\" content=\"article\" \/>\n<meta property=\"og:title\" content=\"Nos centres de soutien scolaire - Nos centres de soutien scolaire -\" \/>\n<meta property=\"og:description\" content=\"EducaTeam - centres de soutien scolaire - primaire - secondaire - enseignants qualifi\u00e9s - soutien personnalis\u00e9 - soutien scolaire\" \/>\n<meta property=\"og:url\" content=\"https:\/\/educateam.be\/index.php\/nos-centres-de-soutien-scolaire\/\" \/>\n<meta property=\"article:publisher\" content=\"https:\/\/www.facebook.com\/AsblEducaTeam\/\" \/>\n<meta property=\"article:modified_time\" content=\"2023-03-12T19:50:01+00:00\" \/>\n<meta property=\"og:image\" content=\"https:\/\/educateam.be\/wp-content\/uploads\/2023\/02\/logo_plan-300x136.png\" \/>\n<meta name=\"twitter:card\" content=\"summary_large_image\" \/>\n<meta name=\"twitter:label1\" content=\"Dur\u00e9e de lecture estim\u00e9e\" \/>\n\t<meta name=\"twitter:data1\" content=\"2 minutes\" \/>\n<script type=\"application\/ld+json\" class=\"yoast-schema-graph\">{\"@context\":\"https:\\\/\\\/schema.org\",\"@graph\":[{\"@type\":\"WebPage\",\"@id\":\"https:\\\/\\\/educateam.be\\\/index.php\\\/nos-centres-de-soutien-scolaire\\\/\",\"url\":\"https:\\\/\\\/educateam.be\\\/index.php\\\/nos-centres-de-soutien-scolaire\\\/\",\"name\":\"Nos centres de soutien scolaire - Nos centres de soutien scolaire -\",\"isPartOf\":{\"@id\":\"https:\\\/\\\/educateam.be\\\/#website\"},\"primaryImageOfPage\":{\"@id\":\"https:\\\/\\\/educateam.be\\\/index.php\\\/nos-centres-de-soutien-scolaire\\\/#primaryimage\"},\"image\":{\"@id\":\"https:\\\/\\\/educateam.be\\\/index.php\\\/nos-centres-de-soutien-scolaire\\\/#primaryimage\"},\"thumbnailUrl\":\"https:\\\/\\\/educateam.be\\\/wp-content\\\/uploads\\\/2023\\\/02\\\/logo_plan-300x136.png\",\"datePublished\":\"2019-02-15T21:59:04+00:00\",\"dateModified\":\"2023-03-12T19:50:01+00:00\",\"description\":\"EducaTeam - centres de soutien scolaire - primaire - secondaire - enseignants qualifi\u00e9s - soutien personnalis\u00e9 - soutien scolaire\",\"breadcrumb\":{\"@id\":\"https:\\\/\\\/educateam.be\\\/index.php\\\/nos-centres-de-soutien-scolaire\\\/#breadcrumb\"},\"inLanguage\":\"fr-FR\",\"potentialAction\":[{\"@type\":\"ReadAction\",\"target\":[\"https:\\\/\\\/educateam.be\\\/index.php\\\/nos-centres-de-soutien-scolaire\\\/\"]}]},{\"@type\":\"ImageObject\",\"inLanguage\":\"fr-FR\",\"@id\":\"https:\\\/\\\/educateam.be\\\/index.php\\\/nos-centres-de-soutien-scolaire\\\/#primaryimage\",\"url\":\"https:\\\/\\\/educateam.be\\\/wp-content\\\/uploads\\\/2023\\\/02\\\/logo_plan.png\",\"contentUrl\":\"https:\\\/\\\/educateam.be\\\/wp-content\\\/uploads\\\/2023\\\/02\\\/logo_plan.png\",\"width\":1143,\"height\":517},{\"@type\":\"BreadcrumbList\",\"@id\":\"https:\\\/\\\/educateam.be\\\/index.php\\\/nos-centres-de-soutien-scolaire\\\/#breadcrumb\",\"itemListElement\":[{\"@type\":\"ListItem\",\"position\":1,\"name\":\"Accueil\",\"item\":\"https:\\\/\\\/educateam.be\\\/\"},{\"@type\":\"ListItem\",\"position\":2,\"name\":\"Nos centres de soutien scolaire\"}]},{\"@type\":\"WebSite\",\"@id\":\"https:\\\/\\\/educateam.be\\\/#website\",\"url\":\"https:\\\/\\\/educateam.be\\\/\",\"name\":\"Educateam\",\"description\":\"\",\"publisher\":{\"@id\":\"https:\\\/\\\/educateam.be\\\/#organization\"},\"potentialAction\":[{\"@type\":\"SearchAction\",\"target\":{\"@type\":\"EntryPoint\",\"urlTemplate\":\"https:\\\/\\\/educateam.be\\\/?s={search_term_string}\"},\"query-input\":{\"@type\":\"PropertyValueSpecification\",\"valueRequired\":true,\"valueName\":\"search_term_string\"}}],\"inLanguage\":\"fr-FR\"},{\"@type\":\"Organization\",\"@id\":\"https:\\\/\\\/educateam.be\\\/#organization\",\"name\":\"Educateam\",\"url\":\"https:\\\/\\\/educateam.be\\\/\",\"logo\":{\"@type\":\"ImageObject\",\"inLanguage\":\"fr-FR\",\"@id\":\"https:\\\/\\\/educateam.be\\\/#\\\/schema\\\/logo\\\/image\\\/\",\"url\":\"https:\\\/\\\/educateam.be\\\/wp-content\\\/uploads\\\/2021\\\/11\\\/54402640_2155408334580365_4841115895705108480_n.png\",\"contentUrl\":\"https:\\\/\\\/educateam.be\\\/wp-content\\\/uploads\\\/2021\\\/11\\\/54402640_2155408334580365_4841115895705108480_n.png\",\"width\":1013,\"height\":659,\"caption\":\"Educateam\"},\"image\":{\"@id\":\"https:\\\/\\\/educateam.be\\\/#\\\/schema\\\/logo\\\/image\\\/\"},\"sameAs\":[\"https:\\\/\\\/www.facebook.com\\\/AsblEducaTeam\\\/\"]}]}<\/script>\n<!-- \/ Yoast SEO plugin. -->","yoast_head_json":{"title":"Nos centres de soutien scolaire - Nos centres de soutien scolaire -","description":"EducaTeam - centres de soutien scolaire - primaire - secondaire - enseignants qualifi\u00e9s - soutien personnalis\u00e9 - soutien scolaire","robots":{"index":"index","follow":"follow","max-snippet":"max-snippet:-1","max-image-preview":"max-image-preview:large","max-video-preview":"max-video-preview:-1"},"canonical":"https:\/\/educateam.be\/index.php\/nos-centres-de-soutien-scolaire\/","og_locale":"fr_FR","og_type":"article","og_title":"Nos centres de soutien scolaire - Nos centres de soutien scolaire -","og_description":"EducaTeam - centres de soutien scolaire - primaire - secondaire - enseignants qualifi\u00e9s - soutien personnalis\u00e9 - soutien scolaire","og_url":"https:\/\/educateam.be\/index.php\/nos-centres-de-soutien-scolaire\/","article_publisher":"https:\/\/www.facebook.com\/AsblEducaTeam\/","article_modified_time":"2023-03-12T19:50:01+00:00","og_image":[{"url":"https:\/\/educateam.be\/wp-content\/uploads\/2023\/02\/logo_plan-300x136.png","type":"","width":"","height":""}],"twitter_card":"summary_large_image","twitter_misc":{"Dur\u00e9e de lecture estim\u00e9e":"2 minutes"},"schema":{"@context":"https:\/\/schema.org","@graph":[{"@type":"WebPage","@id":"https:\/\/educateam.be\/index.php\/nos-centres-de-soutien-scolaire\/","url":"https:\/\/educateam.be\/index.php\/nos-centres-de-soutien-scolaire\/","name":"Nos centres de soutien scolaire - Nos centres de soutien scolaire -","isPartOf":{"@id":"https:\/\/educateam.be\/#website"},"primaryImageOfPage":{"@id":"https:\/\/educateam.be\/index.php\/nos-centres-de-soutien-scolaire\/#primaryimage"},"image":{"@id":"https:\/\/educateam.be\/index.php\/nos-centres-de-soutien-scolaire\/#primaryimage"},"thumbnailUrl":"https:\/\/educateam.be\/wp-content\/uploads\/2023\/02\/logo_plan-300x136.png","datePublished":"2019-02-15T21:59:04+00:00","dateModified":"2023-03-12T19:50:01+00:00","description":"EducaTeam - centres de soutien scolaire - primaire - secondaire - enseignants qualifi\u00e9s - soutien personnalis\u00e9 - soutien scolaire","breadcrumb":{"@id":"https:\/\/educateam.be\/index.php\/nos-centres-de-soutien-scolaire\/#breadcrumb"},"inLanguage":"fr-FR","potentialAction":[{"@type":"ReadAction","target":["https:\/\/educateam.be\/index.php\/nos-centres-de-soutien-scolaire\/"]}]},{"@type":"ImageObject","inLanguage":"fr-FR","@id":"https:\/\/educateam.be\/index.php\/nos-centres-de-soutien-scolaire\/#primaryimage","url":"https:\/\/educateam.be\/wp-content\/uploads\/2023\/02\/logo_plan.png","contentUrl":"https:\/\/educateam.be\/wp-content\/uploads\/2023\/02\/logo_plan.png","width":1143,"height":517},{"@type":"BreadcrumbList","@id":"https:\/\/educateam.be\/index.php\/nos-centres-de-soutien-scolaire\/#breadcrumb","itemListElement":[{"@type":"ListItem","position":1,"name":"Accueil","item":"https:\/\/educateam.be\/"},{"@type":"ListItem","position":2,"name":"Nos centres de soutien scolaire"}]},{"@type":"WebSite","@id":"https:\/\/educateam.be\/#website","url":"https:\/\/educateam.be\/","name":"Educateam","description":"","publisher":{"@id":"https:\/\/educateam.be\/#organization"},"potentialAction":[{"@type":"SearchAction","target":{"@type":"EntryPoint","urlTemplate":"https:\/\/educateam.be\/?s={search_term_string}"},"query-input":{"@type":"PropertyValueSpecification","valueRequired":true,"valueName":"search_term_string"}}],"inLanguage":"fr-FR"},{"@type":"Organization","@id":"https:\/\/educateam.be\/#organization","name":"Educateam","url":"https:\/\/educateam.be\/","logo":{"@type":"ImageObject","inLanguage":"fr-FR","@id":"https:\/\/educateam.be\/#\/schema\/logo\/image\/","url":"https:\/\/educateam.be\/wp-content\/uploads\/2021\/11\/54402640_2155408334580365_4841115895705108480_n.png","contentUrl":"https:\/\/educateam.be\/wp-content\/uploads\/2021\/11\/54402640_2155408334580365_4841115895705108480_n.png","width":1013,"height":659,"caption":"Educateam"},"image":{"@id":"https:\/\/educateam.be\/#\/schema\/logo\/image\/"},"sameAs":["https:\/\/www.facebook.com\/AsblEducaTeam\/"]}]}},"_links":{"self":[{"href":"https:\/\/educateam.be\/index.php\/wp-json\/wp\/v2\/pages\/134","targetHints":{"allow":["GET"]}}],"collection":[{"href":"https:\/\/educateam.be\/index.php\/wp-json\/wp\/v2\/pages"}],"about":[{"href":"https:\/\/educateam.be\/index.php\/wp-json\/wp\/v2\/types\/page"}],"author":[{"embeddable":true,"href":"https:\/\/educateam.be\/index.php\/wp-json\/wp\/v2\/users\/1"}],"replies":[{"embeddable":true,"href":"https:\/\/educateam.be\/index.php\/wp-json\/wp\/v2\/comments?post=134"}],"version-history":[{"count":16,"href":"https:\/\/educateam.be\/index.php\/wp-json\/wp\/v2\/pages\/134\/revisions"}],"predecessor-version":[{"id":1125,"href":"https:\/\/educateam.be\/index.php\/wp-json\/wp\/v2\/pages\/134\/revisions\/1125"}],"wp:attachment":[{"href":"https:\/\/educateam.be\/index.php\/wp-json\/wp\/v2\/media?parent=134"}],"curies":[{"name":"wp","href":"https:\/\/api.w.org\/{rel}","templated":true}]}}