{"id":391,"date":"2020-03-29T20:38:55","date_gmt":"2020-03-29T18:38:55","guid":{"rendered":"http:\/\/educateam.be\/?page_id=391"},"modified":"2020-03-29T20:39:29","modified_gmt":"2020-03-29T18:39:29","slug":"puissance-de-puissance","status":"publish","type":"page","link":"https:\/\/educateam.be\/index.php\/preparation-au-ce1d\/puissance-de-puissance\/","title":{"rendered":"Propri\u00e9t\u00e9s des puissances (2)"},"content":{"rendered":"\n<h3 class=\"wp-block-heading\">Puissance d&rsquo;une puissance<\/h3>\n\n\n<p><iframe loading=\"lazy\" src=\"https:\/\/www.oppia.org\/embed\/exploration\/vSKkg1vg_T1v\" width=\"100%\" height=\"1000\"><\/iframe><\/p>","protected":false},"excerpt":{"rendered":"<p class=\"qua-blog-post-description\">Puissance d&rsquo;une puissance<\/p>\n","protected":false},"author":1,"featured_media":0,"parent":323,"menu_order":0,"comment_status":"closed","ping_status":"closed","template":"full-width.php","meta":{"footnotes":""},"class_list":["post-391","page","type-page","status-publish","hentry"],"yoast_head":"<!-- This site is optimized with the Yoast SEO plugin v27.3 - https:\/\/yoast.com\/product\/yoast-seo-wordpress\/ -->\n<title>Propri\u00e9t\u00e9s des puissances (2) -<\/title>\n<meta name=\"description\" content=\"Rem\u00e9diation en ligne - Gratuit - Exercices auto-corrig\u00e9s - CE1D Math - Nombres et grandeurs - Puissances - Propri\u00e9t\u00e9s - Puissance d&#039;une puissance\" \/>\n<meta name=\"robots\" content=\"index, follow, max-snippet:-1, max-image-preview:large, max-video-preview:-1\" \/>\n<link rel=\"canonical\" href=\"https:\/\/educateam.be\/index.php\/preparation-au-ce1d\/puissance-de-puissance\/\" \/>\n<meta property=\"og:locale\" content=\"fr_FR\" \/>\n<meta property=\"og:type\" content=\"article\" \/>\n<meta property=\"og:title\" content=\"Propri\u00e9t\u00e9s des puissances (2) -\" \/>\n<meta property=\"og:description\" content=\"Rem\u00e9diation en ligne - Gratuit - Exercices auto-corrig\u00e9s - CE1D Math - Nombres et grandeurs - Puissances - Propri\u00e9t\u00e9s - Puissance d&#039;une puissance\" \/>\n<meta property=\"og:url\" content=\"https:\/\/educateam.be\/index.php\/preparation-au-ce1d\/puissance-de-puissance\/\" \/>\n<meta property=\"article:publisher\" content=\"https:\/\/www.facebook.com\/AsblEducaTeam\/\" \/>\n<meta property=\"article:modified_time\" content=\"2020-03-29T18:39:29+00:00\" \/>\n<meta property=\"og:image\" content=\"https:\/\/educateam.be\/wp-content\/uploads\/2025\/08\/pexels-karolina-grabowska-7692643-scaled.jpg\" \/>\n\t<meta property=\"og:image:width\" content=\"2560\" \/>\n\t<meta property=\"og:image:height\" content=\"1707\" \/>\n\t<meta property=\"og:image:type\" content=\"image\/jpeg\" \/>\n<meta name=\"twitter:card\" content=\"summary_large_image\" \/>\n<script type=\"application\/ld+json\" class=\"yoast-schema-graph\">{\"@context\":\"https:\\\/\\\/schema.org\",\"@graph\":[{\"@type\":\"WebPage\",\"@id\":\"https:\\\/\\\/educateam.be\\\/index.php\\\/preparation-au-ce1d\\\/puissance-de-puissance\\\/\",\"url\":\"https:\\\/\\\/educateam.be\\\/index.php\\\/preparation-au-ce1d\\\/puissance-de-puissance\\\/\",\"name\":\"Propri\u00e9t\u00e9s des puissances (2) -\",\"isPartOf\":{\"@id\":\"https:\\\/\\\/educateam.be\\\/#website\"},\"datePublished\":\"2020-03-29T18:38:55+00:00\",\"dateModified\":\"2020-03-29T18:39:29+00:00\",\"description\":\"Rem\u00e9diation en ligne - Gratuit - Exercices auto-corrig\u00e9s - CE1D Math - Nombres et grandeurs - Puissances - Propri\u00e9t\u00e9s - Puissance d'une puissance\",\"breadcrumb\":{\"@id\":\"https:\\\/\\\/educateam.be\\\/index.php\\\/preparation-au-ce1d\\\/puissance-de-puissance\\\/#breadcrumb\"},\"inLanguage\":\"fr-FR\",\"potentialAction\":[{\"@type\":\"ReadAction\",\"target\":[\"https:\\\/\\\/educateam.be\\\/index.php\\\/preparation-au-ce1d\\\/puissance-de-puissance\\\/\"]}]},{\"@type\":\"BreadcrumbList\",\"@id\":\"https:\\\/\\\/educateam.be\\\/index.php\\\/preparation-au-ce1d\\\/puissance-de-puissance\\\/#breadcrumb\",\"itemListElement\":[{\"@type\":\"ListItem\",\"position\":1,\"name\":\"Accueil\",\"item\":\"https:\\\/\\\/educateam.be\\\/\"},{\"@type\":\"ListItem\",\"position\":2,\"name\":\"Pr\u00e9paration au CE1D\",\"item\":\"https:\\\/\\\/educateam.be\\\/index.php\\\/preparation-au-ce1d\\\/\"},{\"@type\":\"ListItem\",\"position\":3,\"name\":\"Propri\u00e9t\u00e9s des puissances (2)\"}]},{\"@type\":\"WebSite\",\"@id\":\"https:\\\/\\\/educateam.be\\\/#website\",\"url\":\"https:\\\/\\\/educateam.be\\\/\",\"name\":\"Educateam\",\"description\":\"\",\"publisher\":{\"@id\":\"https:\\\/\\\/educateam.be\\\/#organization\"},\"potentialAction\":[{\"@type\":\"SearchAction\",\"target\":{\"@type\":\"EntryPoint\",\"urlTemplate\":\"https:\\\/\\\/educateam.be\\\/?s={search_term_string}\"},\"query-input\":{\"@type\":\"PropertyValueSpecification\",\"valueRequired\":true,\"valueName\":\"search_term_string\"}}],\"inLanguage\":\"fr-FR\"},{\"@type\":\"Organization\",\"@id\":\"https:\\\/\\\/educateam.be\\\/#organization\",\"name\":\"Educateam\",\"url\":\"https:\\\/\\\/educateam.be\\\/\",\"logo\":{\"@type\":\"ImageObject\",\"inLanguage\":\"fr-FR\",\"@id\":\"https:\\\/\\\/educateam.be\\\/#\\\/schema\\\/logo\\\/image\\\/\",\"url\":\"https:\\\/\\\/educateam.be\\\/wp-content\\\/uploads\\\/2021\\\/11\\\/54402640_2155408334580365_4841115895705108480_n.png\",\"contentUrl\":\"https:\\\/\\\/educateam.be\\\/wp-content\\\/uploads\\\/2021\\\/11\\\/54402640_2155408334580365_4841115895705108480_n.png\",\"width\":1013,\"height\":659,\"caption\":\"Educateam\"},\"image\":{\"@id\":\"https:\\\/\\\/educateam.be\\\/#\\\/schema\\\/logo\\\/image\\\/\"},\"sameAs\":[\"https:\\\/\\\/www.facebook.com\\\/AsblEducaTeam\\\/\"]}]}<\/script>\n<!-- \/ Yoast SEO plugin. -->","yoast_head_json":{"title":"Propri\u00e9t\u00e9s des puissances (2) -","description":"Rem\u00e9diation en ligne - Gratuit - Exercices auto-corrig\u00e9s - CE1D Math - Nombres et grandeurs - Puissances - Propri\u00e9t\u00e9s - Puissance d'une puissance","robots":{"index":"index","follow":"follow","max-snippet":"max-snippet:-1","max-image-preview":"max-image-preview:large","max-video-preview":"max-video-preview:-1"},"canonical":"https:\/\/educateam.be\/index.php\/preparation-au-ce1d\/puissance-de-puissance\/","og_locale":"fr_FR","og_type":"article","og_title":"Propri\u00e9t\u00e9s des puissances (2) -","og_description":"Rem\u00e9diation en ligne - Gratuit - Exercices auto-corrig\u00e9s - CE1D Math - Nombres et grandeurs - Puissances - Propri\u00e9t\u00e9s - Puissance d'une puissance","og_url":"https:\/\/educateam.be\/index.php\/preparation-au-ce1d\/puissance-de-puissance\/","article_publisher":"https:\/\/www.facebook.com\/AsblEducaTeam\/","article_modified_time":"2020-03-29T18:39:29+00:00","og_image":[{"width":2560,"height":1707,"url":"https:\/\/educateam.be\/wp-content\/uploads\/2025\/08\/pexels-karolina-grabowska-7692643-scaled.jpg","type":"image\/jpeg"}],"twitter_card":"summary_large_image","schema":{"@context":"https:\/\/schema.org","@graph":[{"@type":"WebPage","@id":"https:\/\/educateam.be\/index.php\/preparation-au-ce1d\/puissance-de-puissance\/","url":"https:\/\/educateam.be\/index.php\/preparation-au-ce1d\/puissance-de-puissance\/","name":"Propri\u00e9t\u00e9s des puissances (2) -","isPartOf":{"@id":"https:\/\/educateam.be\/#website"},"datePublished":"2020-03-29T18:38:55+00:00","dateModified":"2020-03-29T18:39:29+00:00","description":"Rem\u00e9diation en ligne - Gratuit - Exercices auto-corrig\u00e9s - CE1D Math - Nombres et grandeurs - Puissances - Propri\u00e9t\u00e9s - Puissance d'une puissance","breadcrumb":{"@id":"https:\/\/educateam.be\/index.php\/preparation-au-ce1d\/puissance-de-puissance\/#breadcrumb"},"inLanguage":"fr-FR","potentialAction":[{"@type":"ReadAction","target":["https:\/\/educateam.be\/index.php\/preparation-au-ce1d\/puissance-de-puissance\/"]}]},{"@type":"BreadcrumbList","@id":"https:\/\/educateam.be\/index.php\/preparation-au-ce1d\/puissance-de-puissance\/#breadcrumb","itemListElement":[{"@type":"ListItem","position":1,"name":"Accueil","item":"https:\/\/educateam.be\/"},{"@type":"ListItem","position":2,"name":"Pr\u00e9paration au CE1D","item":"https:\/\/educateam.be\/index.php\/preparation-au-ce1d\/"},{"@type":"ListItem","position":3,"name":"Propri\u00e9t\u00e9s des puissances (2)"}]},{"@type":"WebSite","@id":"https:\/\/educateam.be\/#website","url":"https:\/\/educateam.be\/","name":"Educateam","description":"","publisher":{"@id":"https:\/\/educateam.be\/#organization"},"potentialAction":[{"@type":"SearchAction","target":{"@type":"EntryPoint","urlTemplate":"https:\/\/educateam.be\/?s={search_term_string}"},"query-input":{"@type":"PropertyValueSpecification","valueRequired":true,"valueName":"search_term_string"}}],"inLanguage":"fr-FR"},{"@type":"Organization","@id":"https:\/\/educateam.be\/#organization","name":"Educateam","url":"https:\/\/educateam.be\/","logo":{"@type":"ImageObject","inLanguage":"fr-FR","@id":"https:\/\/educateam.be\/#\/schema\/logo\/image\/","url":"https:\/\/educateam.be\/wp-content\/uploads\/2021\/11\/54402640_2155408334580365_4841115895705108480_n.png","contentUrl":"https:\/\/educateam.be\/wp-content\/uploads\/2021\/11\/54402640_2155408334580365_4841115895705108480_n.png","width":1013,"height":659,"caption":"Educateam"},"image":{"@id":"https:\/\/educateam.be\/#\/schema\/logo\/image\/"},"sameAs":["https:\/\/www.facebook.com\/AsblEducaTeam\/"]}]}},"_links":{"self":[{"href":"https:\/\/educateam.be\/index.php\/wp-json\/wp\/v2\/pages\/391","targetHints":{"allow":["GET"]}}],"collection":[{"href":"https:\/\/educateam.be\/index.php\/wp-json\/wp\/v2\/pages"}],"about":[{"href":"https:\/\/educateam.be\/index.php\/wp-json\/wp\/v2\/types\/page"}],"author":[{"embeddable":true,"href":"https:\/\/educateam.be\/index.php\/wp-json\/wp\/v2\/users\/1"}],"replies":[{"embeddable":true,"href":"https:\/\/educateam.be\/index.php\/wp-json\/wp\/v2\/comments?post=391"}],"version-history":[{"count":1,"href":"https:\/\/educateam.be\/index.php\/wp-json\/wp\/v2\/pages\/391\/revisions"}],"predecessor-version":[{"id":392,"href":"https:\/\/educateam.be\/index.php\/wp-json\/wp\/v2\/pages\/391\/revisions\/392"}],"up":[{"embeddable":true,"href":"https:\/\/educateam.be\/index.php\/wp-json\/wp\/v2\/pages\/323"}],"wp:attachment":[{"href":"https:\/\/educateam.be\/index.php\/wp-json\/wp\/v2\/media?parent=391"}],"curies":[{"name":"wp","href":"https:\/\/api.w.org\/{rel}","templated":true}]}}